Calculate the remainder when 168 is divided by 13.
12
Calculate the remainder when 116 is divided by 18.
8
What is the remainder when 52 is divided by 15?
7
Calculate the remainder when 237 is divided by 17.
16
Calculate the remainder when 1226 is divided by 11.
5
Calculate the remainder when 447 is divided by 30.
27
Calculate the remainder when 678 is divided by 174.
156
What is the remainder when 2115 is divided by 567?
414
Calculate the remainder when 139 is divided by 28.
27
What is the remainder when 110 is divided by 24?
14
Calculate the remainder when 50 is divided by 33.
17
Calculate the remainder when 514 is divided by 47.
44
Calculate the remainder when 93 is divided by 59.
34
What is the remainder when 300 is divided by 292?
8
What is the remainder when 133 is divided by 54?
25
Calculate the remainder when 4768 is divided by 2363.
42
Calculate the remainder when 253 is divided by 43.
38
What is the remainder when 606 is divided by 606?
0
What is the remainder when 26 is divided by 6?
2
What is the remainder when 130 is divided by 3?
1
What is the remainder when 414 is divided by 11?
7
Calculate the remainder when 2304 is divided by 64.
0
Calculate the remainder when 300 is divided by 51.
45
What is the remainder when 35 is divided by 23?
12
What is the remainder when 618 is divided by 299?
20
What is the remainder when 328 is divided by 33?
31
What is the remainder when 2895 is divided by 2886?
9
What is the remainder when 222 is divided by 32?
30
Calculate the remainder when 426 is divided by 33.
30
Calculate the remainder when 388 is divided by 249.
139
Calculate the remainder when 1202 is divided by 48.
2
Calculate the remainder when 145 is divided by 25.
20
What is the remainder when 49 is divided by 12?
1
What is the remainder when 10047 is divided by 23?
19
What is the remainder when 494 is divided by 4?
2
What is the remainder when 142 is divided by 24?
22
Calculate the remainder when 148 is divided by 14.
8
What is the remainder when 400 is divided by 105?
85
Calculate the remainder when 455 is divided by 39.
26
Calculate the remainder when 38 is divided by 13.
12
What is the remainder when 133 is divided by 70?
63
Calculate the remainder when 357 is divided by 91.
84
What is the remainder when 65 is divided by 17?
14
Calculate the remainder when 1558 is divided by 74.
4
What is the remainder when 1351 is divided by 553?
245
Calculate the remainder when 1208 is divided by 31.
30
What is the remainder when 44 is divided by 42?
2
What is the remainder when 19476 is divided by 151?
148
What is the remainder when 264 is divided by 19?
17
Calculate the remainder when 427 is divided by 33.
31
What is the remainder when 12334 is divided by 6?
4
Calculate the remainder when 875 is divided by 25.
0
Calculate the remainder when 529 is divided by 61.
41
What is the remainder when 700 is divided by 37?
34
Calculate the remainder when 1059 is divided by 82.
75
Calculate the remainder when 325 is divided by 80.
5
What is the remainder when 689 is divided by 108?
41
Calculate the remainder when 1024 is divided by 27.
25
Calculate the remainder when 3422 is divided by 76.
2
Calculate the remainder when 2777 is divided by 920.
17
What is the remainder when 54392 is divided by 55?
52
What is the remainder when 2382 is divided by 21?
9
What is the remainder when 25638 is divided by 9?
6
What is the remainder when 985 is divided by 316?
37
Calculate the remainder when 2303 is divided by 765.
8
What is the remainder when 783 is divided by 40?
23
What is the remainder when 2009 is divided by 21?
14
What is the remainder when 493 is divided by 62?
59
What is the remainder when 349 is divided by 44?
41
What is the remainder when 38 is divided by 14?
10
Calculate the remainder when 1996 is divided by 18.
16
What is the remainder when 1106 is divided by 123?
122
What is the remainder when 98 is divided by 30?
8
Calculate the remainder when 10046 is divided by 4.
2
Calculate the remainder when 39 is divided by 13.
0
What is the remainder when 92 is divided by 21?
8
What is the remainder when 48 is divided by 14?
6
What is the remainder when 4487 is divided by 187?
186
Calculate the remainder when 24166 is divided by 13.
12
Calculate the remainder when 1402 is divided by 21.
16
Calculate the remainder when 1194 is divided by 23.
21
What is the remainder when 390 is divided by 39?
0
What is the remainder when 111 is divided by 38?
35
Calculate the remainder when 5611 is divided by 311.
13
Calculate the remainder when 226 is divided by 3.
1
What is the remainder when 51 is divided by 18?
15
Calculate the remainder when 55 is divided by 14.
13
What is the remainder when 60 is divided by 32?
28
What is the remainder when 40 is divided by 21?
19
What is the remainder when 2718 is divided by 336?
30
Calculate the remainder when 874 is divided by 111.
97
What is the remainder when 268 is divided by 69?
61
What is the remainder when 273 is divided by 194?
79
What is the remainder when 772 is divided by 383?
6
Calculate the remainder when 348 is divided by 180.
168
Calculate the remainder when 140 is divided by 19.
7
What is the remainder when 38 is divided by 26?
12
What is the remainder when 234 is divided by 14?
10
Calculate the remainder when 5205 is divided by 274.
273
What is the remainder when 91 is divided by 22?
3
Calculate the remainder when 155 is divided by 26.
25
Calculate the remainder when 254 is divided by 14.
2
Calculate the remainder when 91 is divided by 50.
41
What is the remainder when 1113 is divided by 57?
30
What is the remainder when 77 is divided by 45?
32
Calculate the remainder when 406 is divided by 239.
167
Calculate the remainder when 892 is divided by 18.
10
Calculate the remainder when 23 is divided by 3.
2
Calculate the remainder when 659 is divided by 34.
13
What is the remainder when 301 is divided by 171?
130
What is the remainder when 2919 is divided by 15?
9
What is the remainder when 314 is divided by 15?
14
Calculate the remainder when 765 is divided by 35.
30
Calculate the remainder when 953 is divided by 74.
65
Calculate the remainder when 3883 is divided by 13.
9
Calculate the remainder when 161 is divided by 34.
25
Calculate the remainder when 1531 is divided by 14.
5
What is the remainder when 2 is divided by 1?
0
What is the remainder when 3563 is divided by 99?
98
Calculate the remainder when 8901 is divided by 159.
156
What is the remainder when 3872 is divided by 155?
152
Calculate the remainder when 486 is divided by 10.
6
Calculate the remainder when 436 is divided by 22.
18
What is the remainder when 97 is divided by 53?
44
Calculate the remainder when 1509 is divided by 36.
33
What is the remainder when 31 is divided by 9?
4
Calculate the remainder when 90 is divided by 19.
14
Calculate the remainder when 148 is divided by 40.
28
Calculate the remainder when 27 is divided by 14.
13
Calculate the remainder when 402 is divided by 190.
22
What is the remainder when 674 is divided by 136?
130
What is the remainder when 652 is divided by 58?
14
Calculate the remainder when 717 is divided by 127.
82
Calculate the remainder when 134 is divided by 15.
14
What is the remainder when 681 is divided by 318?
45
Calculate the remainder when 413 is divided by 36.
17
Calculate the remainder when 241 is divided by 175.
66
What is the remainder when 32 is divided by 17?
15
Calculate the remainder when 56 is divided by 31.
25
Calculate the remainder when 195 is divided by 100.
95
Calculate the remainder when 4871 is divided by 28.
27
What is the remainder when 214 is divided by 12?
10
Calculate the remainder when 583 is divided by 45.
43
Calculate the remainder when 43 is divided by 40.
3
What is the remainder when 627 is divided by 14?
11
What is the remainder when 1041 is divided by 36?
33
What is the remainder when 88 is divided by 13?
10
Calculate the remainder when 2913 is divided by 81.
78
Calculate the remainder when 1312 is divided by 132.
124
Calculate the remainder when 220 is divided by 62.
34
Calculate the remainder when 1288 is divided by 129.
127
Calculate the remainder when 1153 is divided by 17.
14
What is the remainder when 148 is divided by 65?
18
Calculate the remainder when 206 is divided by 35.
31
Cal